{"id":2,"date":"2014-09-05T04:41:07","date_gmt":"2014-09-05T04:41:07","guid":{"rendered":"http:\/\/localhost\/wordpress-4.0\/wordpress\/?page_id=2"},"modified":"2014-11-23T20:26:13","modified_gmt":"2014-11-23T20:26:13","slug":"sample-page","status":"publish","type":"page","link":"https:\/\/muenchenberg.de\/?page_id=2","title":{"rendered":"\u00dcber uns"},"content":{"rendered":"<p>Auf dieser Seite findet Ihr die Erlebnisse der Familie M\u00fcnchenberg aus D. bei M. Genauer die von Jo Ra Sol M\u00fcnchenberg aus D. bei M. Das sei klargestellt um Verwechselungen vorzubeugen.<\/p>\n<figure id=\"attachment_9\" aria-describedby=\"caption-attachment-9\" style=\"width: 543px\" class=\"wp-caption alignnone\"><a href=\"https:\/\/muenchenberg.de\/wp-content\/uploads\/2014\/09\/Norwegen-2014-0001-e1416774288425.jpg\"><img loading=\"lazy\" decoding=\"async\" class=\"wp-image-9 size-medium\" src=\"https:\/\/muenchenberg.de\/wp-content\/uploads\/2014\/09\/Norwegen-2014-0001-543x300.jpg\" alt=\"\" width=\"543\" height=\"300\" \/><\/a><figcaption id=\"caption-attachment-9\" class=\"wp-caption-text\">Am Rande der Hardangervidda<\/figcaption><\/figure>\n<p>Wir &#8211; bzw. Teile von uns &#8211; sind eher besorgt was das freie Ver\u00f6ffentlichen \u00fcber das Web angeht. Daher sind grosse Teile unser Erlebnisse nur registrierten Benutzern zug\u00e4nglich. Wahrscheinlich auch nur f\u00fcr Leute interessant, die bereit sind, sich bei uns zu registrieren&#8230;<\/p>\n<p>Falls Ihr interessiert seid, dann meldet euch gerne bei uns:<\/p>\n<p>Jochen M\u00fcnchenberg (jochen (at) muenchenberg.de) oder<\/p>\n<p>Ramona M\u00fcnchenberg (ramona (at) muenchenberg.de)<\/p>\n<p>&nbsp;<\/p>\n","protected":false},"excerpt":{"rendered":"<p>Auf dieser Seite findet Ihr die Erlebnisse der Familie M\u00fcnchenberg aus D. bei M. Genauer die von Jo Ra Sol M\u00fcnchenberg aus D. bei M. Das sei klargestellt um Verwechselungen vorzubeugen. Wir &#8211; bzw. Teile von uns &#8211; sind eher besorgt was das freie Ver\u00f6ffentlichen \u00fcber das Web angeht. Daher sind grosse Teile unser Erlebnisse &hellip; <a href=\"https:\/\/muenchenberg.de\/?page_id=2\" class=\"more-link\"><span class=\"screen-reader-text\">\u00dcber uns<\/span> weiterlesen <span class=\"meta-nav\">&rarr;<\/span><\/a><\/p>\n","protected":false},"author":1,"featured_media":0,"parent":0,"menu_order":0,"comment_status":"open","ping_status":"open","template":"","meta":{"footnotes":""},"class_list":["post-2","page","type-page","status-publish","hentry"],"_links":{"self":[{"href":"https:\/\/muenchenberg.de\/index.php?rest_route=\/wp\/v2\/pages\/2","targetHints":{"allow":["GET"]}}],"collection":[{"href":"https:\/\/muenchenberg.de\/index.php?rest_route=\/wp\/v2\/pages"}],"about":[{"href":"https:\/\/muenchenberg.de\/index.php?rest_route=\/wp\/v2\/types\/page"}],"author":[{"embeddable":true,"href":"https:\/\/muenchenberg.de\/index.php?rest_route=\/wp\/v2\/users\/1"}],"replies":[{"embeddable":true,"href":"https:\/\/muenchenberg.de\/index.php?rest_route=%2Fwp%2Fv2%2Fcomments&post=2"}],"version-history":[{"count":3,"href":"https:\/\/muenchenberg.de\/index.php?rest_route=\/wp\/v2\/pages\/2\/revisions"}],"predecessor-version":[{"id":13,"href":"https:\/\/muenchenberg.de\/index.php?rest_route=\/wp\/v2\/pages\/2\/revisions\/13"}],"wp:attachment":[{"href":"https:\/\/muenchenberg.de\/index.php?rest_route=%2Fwp%2Fv2%2Fmedia&parent=2"}],"curies":[{"name":"wp","href":"https:\/\/api.w.org\/{rel}","templated":true}]}}